-2*l = -5*m - 21, -7*l + 3*l - 3*m + 29 = 0. Let q(z) = -7*z**3 + 8*z**3 + 4 - 7*z**2 + 5*z - l*z. Calculate q(7).
-17
Let a(h) = h**3 + 3*h**2 + 2*h + 2. Let w be a(-2). Suppose -q - 41 = 5*s, 3*q - 10 - 20 = w*s. Let t(k) = -k**2 - 10*k + 3. Calculate t(s).
12
Let w(b) = -23*b**3 + 39*b**2 - 83*b + 32. Let v(k) = -8*k**3 + 13*k**2 - 29*k + 11. Let g(n) = 17*v(n) - 6*w(n). Give g(6).
-11
Let v = -1639 - -1636. Let o(p) = 4*p + 10. Calculate o(v).
-2
Let z(c) = 30*c + c**3 - 5*c**2 + 29*c - 1 - 60*c. Let i be ((-2)/2)/(2/(-20)*2). Give z(i).
-6
Let f be 9*(-10)/270*(15 - 0). Let c(b) be the first derivative of -b**2/2 + 3. Give c(f).
5
Let h be (-10)/2 + 28/4. Let q(o) = 28*o + 1. What is q(h)?
57
Let w(r) = r**2 - 12*r + 22. Let j be (8 + (-38)/4)*-6. Calculate w(j).
-5
Suppose -30*m - 13 = 17. Let k(l) = -8*l + 2. What is k(m)?
10
Let f(y) = -119*y - 5 - 6*y**2 - 7*y**3 + 6*y**3 + 117*y. Determine f(-6).
7
Let u(f) = 2*f - 2. Let x(w) = 7*w - 1. Let j(b) = -4*u(b) + x(b). Calculate j(0).
7
Let w(i) = -i**3 + 7*i**2 - 4*i + 1. Let q(p) = -p**3 + 36*p + 6. Let b be q(6). What is w(b)?
13
Let l(z) = 3*z + 21. Let r be l(-6). Let f(p) = -2*p**2 + p + 1. Calculate f(r).
-14
Let x(d) = -2*d**2 - 24*d + 17. Let p = 243 + -256. What is x(p)?
-9
Let r(z) = z - 22. Let c be -5 - (-7 - 144/(-30)*-5). Calculate r(c).
4
Let s(h) = 2*h**2 + h. Let i(o) = o**3 + 7*o**2 - 5*o - 10. Let p be i(-7). Suppose -5*k - 20 + p = 0. Calculate s(k).
3
Suppose 2*d - 9 = 5*t, -d - 2*t + 4*t + 4 = 0. Let v(h) = h + 2. What is v(d)?
4
Let g = 212 - 215. Let h(y) = -y**3 - y**2 + 3*y - 2. Calculate h(g).
7
Let t(g) = -g**2 + 7*g - 2. Let f(s) = 3*s**2 + 9*s - 9. Let d be f(-7). Let w = d - 47. Suppose 0 = 2*p + 2*p - w. Calculate t(p).
-2
Suppose 25 = 5*q - 5. Let z be q/15*(0 + -10). Let a(y) = y**3 + 3*y**2 - 5*y + 1. Give a(z).
5
Suppose 58*s - 59*s - 4 = 0. Let u(t) = t**3 + 3*t**2 + t - 1. What is u(s)?
-21
Let d(i) be the first derivative of -3*i**2 - 6*i + 297. Give d(3).
-24
Let m(h) be the second derivative of -7*h**3/6 - h**2/2 + 56*h. Calculate m(1).
-8
Suppose 8*k = -90 + 138. Let c(h) = -2*h**3 + 12*h**2 - h + 4. What is c(k)?
-2
Suppose 5*w - 5*a + 224 = -76, 5*w - a + 312 = 0. Let u be (21/w)/((-1)/3). Let v(j) = -8*j**2 - j + 1. Calculate v(u).
-8
Suppose 4*b - 29 + 0 = -o, 5*o - 13 = 2*b. Suppose -5*y - 5*u + 25 = 0, 2*y - 2*u = -b*u + 18. Let p(i) = -3 + 0*i + 2 - 2*i. Determine p(y).
-3
Let i(u) = u. Let j be (1079/(-351) - 2/(-27))*1. Give i(j).
-3
Let x(n) be the second derivative of -n**5/20 + 3*n**4/4 - 4*n**3/3 + 3*n**2/2 - 2*n + 8. Calculate x(8).
3
Suppose -2 = -4*o + 2, 2*l = -2*o + 6. Suppose 2*x - 90 = -a, -3*a - l*x + 280 = 2*x. Let b(i) = i - 8 - 99*i**2 + 3*i + a*i**2. Give b(-6).
4
Let h be ((-8)/12)/(3/(-54)). Let z(j) = -5*j + 3 + 1 + h*j**2 - 7*j**2 - j**3. What is z(3)?
7
Suppose -3*s + 18 = 3*n, 0*n = -2*n + 4. Let t(k) = -k**3 - 6*k**2 + 6*k - 5. Let r be t(-7). Let l(m) = -6*m + m**2 + 0*m - r + m. Calculate l(s).
-6
Let m be (-5)/((-20)/62)*2. Let w = m + -26. Let p(j) = j + w*j - 2*j + 0*j - j**2 - 2. Determine p(3).
1
Let m(d) = -d**3 - 4*d**2 + 5*d. Let o = 741 - 745. What is m(o)?
-20
Let s(h) be the first derivative of 14 + 1/4*h**4 + 0*h**3 - 4*h + 0*h**2. Determine s(0).
-4
Suppose -4*o + 0*o - 24 = 0. Let j(t) = -21*t + t**3 - 31*t + 43*t + 5*t**2 - 1. Determine j(o).
17
Let u(z) = z**3 + 11*z**2 + 3. Let j = 521 - 532. Calculate u(j).
3
Let o(r) = 2*r**3 + 34*r**2 + 84*r + 5. Let n be o(-14). Let x(h) = -h**2 + 20. Give x(n).
-5
Let c(f) = -f + 10. Let p(u) = 3*u**2 + 2*u + 4. Let l be p(0). Give c(l).
6
Suppose 17*p = 15*p + 4. Suppose 2*t = x + 12, -4*x - p*t - 3 = 5. Let o(q) = q**2 + 2*q + 3. Calculate o(x).
11
Suppose 89*o + 753 - 397 = 0. Let y(q) be the second derivative of -q**4/12 - 5*q**3/6 - 5*q**2/2 - q. Give y(o).
-1
Let m(v) be the second derivative of -v**3/3 - 3*v**2/2 + 3*v. Suppose 0 = 5*d - 7*d - 6. Let i = d + 0. Give m(i).
3
Let j(g) be the third derivative of 1/60*g**5 + 8*g**2 + g**3 + 0*g + 0 - 1/4*g**4. Suppose 2*k - 20 = -4*b, k - 6 = -4. Give j(b).
-2
Let d be 2 + 1 + 2 + -3 + 2. Let f(i) = d*i - i - i - 5 - i. What is f(0)?
-5
Let c be 6*((3 - 3) + 1). Let m(d) = -3*d + 13. What is m(c)?
-5
Let f = -29 - -34. Suppose -4*u = -14 + 2. Let z(a) = 4*a**2 + 5*a - 2. Let g(t) = -7*t**2 - 10*t + 3. Let w(c) = f*z(c) + u*g(c). Determine w(-5).
-1
Let y(c) be the first derivative of c**4/4 - 7*c**3/3 + c**2/2 - 2*c + 4. Give y(6).
-32
Suppose -g + 34 = 3*x - 6*g, 4*g + 5 = -5*x. Let j be 2*(1 + 0/(-2)). Let o(k) = -k - 4 - 2*k**2 - 3*k**j + 6*k + k**3. Give o(x).
-7
Let w(q) = -q**2 - 4*q + 5. Let p(o) = o**2 + o - 2. Let u be p(-3). Suppose -8 = -5*v + v. Suppose 4*d = 4*s + 4 + u, -28 = v*s + 4*d. Calculate w(s).
-7
Let l(v) = -v**3 + 9*v**2 - 9*v + 3. Suppose 0*n = 8*n. Suppose -4*w - 4 + 36 = n. Determine l(w).
-5
Let n(h) = h - 6. Let u(v) = 8*v - 53. Let z(t) = -18*n(t) + 2*u(t). Give z(0).
2
Let a be (-6)/(-1)*(-3)/(-6). Let p(c) be the second derivative of -7*c**3/6 - c**2/2 + 1117*c. Determine p(a).
-22
Let o(i) = -30*i - 27*i - 3*i**2 + 2*i**2 + 55*i + 4. Give o(0).
4
Let s(w) be the second derivative of w**5/20 + 11*w**4/12 + 3*w**3 - 5*w**2/2 - 663*w. Calculate s(-9).
-5
Let z(p) = 20*p - 1. Let k be z(3). Let s = k - -13. Let c(y) = 2*y - 4*y - 75 + s. Give c(-4).
5
Let x(w) = 2*w**3 - 1. Let h(m) = -9*m**3 - m**2 + m + 34. Let l(t) = -h(t) - 4*x(t). Determine l(0).
-30
Let s(y) = -y**3 + 11*y**2 - 10*y - 9. Suppose 2 = 31*w - 308. Determine s(w).
-9
Let d = 1597 + -1603. Let o(z) be the third derivative of -z**5/60 - z**4/6 + z**3 - 2*z**2. Determine o(d).
-6
Let x(v) = -v**3 - v**2 - v - 2. Suppose 8 = 3*q + 2. Suppose -t + 13 = -5*s - q*t, 2*s - 5*t = -16. What is x(s)?
19
Let x(c) = -c**2 + 5*c + 2. Let h(a) = -4*a**2 + 16*a + 7. Let g(k) = 2*h(k) - 7*x(k). Let j be g(-4). Let r(d) = 5*d + 6. Calculate r(j).
-14
Let v(h) be the first derivative of -1/20*h**5 + 0*h**3 + 1/60*h**6 + 7 + 7/2*h**2 + 0*h**4 + 0*h. Let s(p) be the second derivative of v(p). What is s(2)?
4
Suppose 0 = -t - 3*k + 15, 6*t - 2*t = -k + 16. Let x(c) = -t*c**2 + 0 + 4 + 1 + c**3 - 3*c**2. What is x(6)?
5
Let f(j) = -j + 6. Let s be (-10)/(-30) - 68/(-3). Suppose -5*m - 2*g + 56 = 0, 6*m = 4*m - g + s. Suppose -m*o + 15*o = 25. What is f(o)?
1
Let c(j) = -6*j + 97 - 53 - 48. Determine c(-4).
20
Let y(t) = 79*t + 460. Let f be y(-6). Let l(n) = n + 22. Give l(f).
8
Let j(t) = -2*t + t + 2*t**2 + 0*t**3 + t**3. Suppose 52*o - 111 = -59. Give j(o).
2
Let s be (-2)/(-18) - (-92)/(-18) - -3. Let o(q) = -9*q - 2. What is o(s)?
16
Suppose 0 = -7*r + 2*r - 5*p + 25, 0 = r - 3*p - 17. Suppose -r = -6*w + 10. Suppose w + 9 = 2*h. Let v(z) = z**2 - 6*z - 1. Give v(h).
-1
Let a(v) be the second derivative of -v**4/12 + 5*v**3/6 + 10*v**2 - 136*v + 2. Determine a(8).
-4
Let a(p) be the first derivative of 8*p**3/3 + p**2/2 - 2*p - 97. Give a(1).
7
Let j(f) = 6*f**3 + 6*f**2 - f - 6. Let o(s) = 2*s**3 + 2*s**2 - 2. Let g(v) = -2*j(v) + 7*o(v). What is g(2)?
26
Let p(b) = 0 + 1 + 9*b + 4 - 3*b**2 - 2*b - b**3. Suppose q + 1 = 5. Suppose -5*r + 17 = 3*s + 46, -q*s - 8 = -r. Determine p(r).
-7
Let f(t) = t. Let r(s) = 4*s. Let p(j) = -28*f(j) + 6*r(j). What is p(2)?
-8
Let n = 8 + -18. Let r = n - -5. Let d(w) be the third derivative of -w**5/60 - 5*w**4/24 + w**3 - 2*w**2 + 27. Calculate d(r).
6
Let j(h) = h + 14. Suppose 4*l + 2*t = -50, 7*l - 4*l + 25 = t. Give j(l).
4
Let v(f) = 9*f**2 + 8*f + 3. Let k be v(-3). Suppose 60 - k = 2*q. Let l(g) = -g + 6. Calculate l(q).
6
Let a(o) be the second derivative of 0*o**3 - 13*o - 1/4*o**4 + 0 + o**2. Let h = -1 + -1. What is a(h)?
-10
Let y(c) = -c + 11. Let x be 21/28 - 10/(-8). Suppose 0 = 2*o - x*f - 6, 2*o = 4*o + 5*f - 27. Determine y(o).
5
Let g(o) = -o**2 + 5*o + 10. Suppose -p + 3*z + 22 = 4*p, 4*p - 5*z - 15 = 0. What is g(p)?
10
Let n(i) = 147 + i**2 - 55 - 90 - 5*i. What is n(8)?
26
Suppose 8 = 6*r + 14. Let o be -1 + (16/4*r - -3). Let f(l) = 3*l**2 + l + 5*l**3 + 2*l + 2 - 4*l**3. What is f(o)?
0
Let l(p) = 29*p**2 - 26*p + 8. Let n(d) = 10*d**2 - 9*d + 3. Let y(i) = -6*l(i) + 17*n(i). Let f(q) = q**2 - 8*q + 5. Let v be f(7). Calculate y(v).
-19
Suppose 7*c + 11 = -10